h + 912 = -3*y, -8*y + 5*y + 583 = -2*h. Let z = 192 - h. List the prime factors of z.
491
Suppose g - 230 = 24*g. Let j(d) = -54*d + 43. What are the prime factors of j(g)?
11, 53
Let x be 4/22 - (-4 - 120/(-55)). Suppose -54 = -4*n - 2*l, 5*n - x*l = 2*n + 51. List the prime factors of n.
3, 5
Suppose 4*h = 4*r - 16, -2 = -2*r + 2*h + 2*h. Let m = r - 4. Suppose m = -d, -3*d = f - 7*d - 90. What are the prime factors of f?
2, 3, 13
Suppose -3*u = 6, 5*l - 544 = 3*u + 707. List the prime factors of (l/6*-2)/(28/(-224)).
2, 83
What are the prime factors of (-310205 - 19)/(-16) + 16?
5, 3881
Suppose 4 = 3*z - b + 2, 3*z + 5*b - 26 = 0. Suppose 9 = 2*o + s, z*s = -o - 3*s. Let r = 42 + o. What are the prime factors of r?
47
Let h = 11 - 19. Let v be 27/36 + (0 - 202/h). Suppose 0 = k - 82 - v. What are the prime factors of k?
2, 3
Let g = 409 - 240. Let m(b) = b**3 + 27*b**2 + 72*b + 4. Let s be m(-24). Suppose -c = p - g, -5*p + 946 = -s*c + 119. List the prime factors of p.
167
List the prime factors of (6/21)/(10/1214290).
2, 11, 19, 83
Let n be (-2 - -1)/((-18)/144). Let y(g) = g**3 + 6*g**2 - 2*g + 31. What are the prime factors of y(n)?
911
Let v(k) = -58*k**2 - 3*k + 5. Let c(y) = 29*y**2 + y - 3. Let z(s) = 7*c(s) + 3*v(s). Let u be z(-3). Suppose -51 - u = -4*t. What are the prime factors of t?
2, 3, 13
Suppose 3*u = d - 1282 - 1894, 4*u = d - 3181. Suppose -3*g + p = 4*p - 2355, 4*g - 3*p = d. List the prime factors of g.
2, 197
Let g = -26754 - -52100. What are the prime factors of g?
2, 19, 23, 29
Let y(o) = -3381*o - 43. Let w be y(1). Let z = -2048 - w. List the prime factors of z.
2, 43
Suppose 0*i - 5*a = -i + 9649, 3*a = -2*i + 19220. List the prime factors of i.
9619
Let i(h) = 5 - 18*h**2 - 2*h**3 - 10 - 46*h + 29*h. What are the prime factors of i(-11)?
2, 3, 37
Let x = 172354 - 115545. List the prime factors of x.
56809
Let m be ((-34)/(-68))/((-2)/720). List the prime factors of -21*(-4240)/m*6/(-4).
2, 7, 53
Let p(s) = 3*s**3 - 4*s**2 + 4. Let i be p(2). Suppose -5*n = -2*b - b + 19, b = -3*n - 3. List the prime factors of ((-950)/30)/(n/i).
2, 5, 19
Let x = -329 + 809. Suppose -3*a + 5*p - 704 = 0, p - x = 3*a + 232. Let v = 353 + a. List the prime factors of v.
5, 23
Let a be (2/3)/(-1*(-16)/(-24)). What are the prime factors of 21 - (0 - 1/a)?
2, 5
Let r(x) = -x + 4. Let t be r(7). Let a be (1 - (t + 0)) + 0. Suppose 0 = j - a*j + 111. List the prime factors of j.
37
Suppose -242058 - 103642 = 3960*f - 3980*f. What are the prime factors of f?
5, 3457
Let x(a) = a**3 + 2*a**2 - 5*a - 3. Let w be x(2). Suppose 2*f = -j + 599 + 287, w*f - 1770 = -2*j. Let b = -583 + j. List the prime factors of b.
13, 23
Suppose -173*s + 3488699 + 2011490 = 0. What are the prime factors of s?
31793
Let i = 564 - 326. Suppose -10*u + i = -132. What are the prime factors of u?
37
Let o = -1 + 9. Suppose o*y - 5*y = 918. Let b = y + -160. List the prime factors of b.
2, 73
Let g = -14437 - -44611. What are the prime factors of g?
2, 3, 47, 107
Suppose -580311 - 741724 = -43*n. What are the prime factors of n?
5, 11, 13, 43
Let p = 95 + -70. Let b(u) = u**3 - 24*u**2 - 6*u - 52. What are the prime factors of b(p)?
3, 47
Let q(v) = 38*v - 226. Let p be q(6). Suppose -3502 = -3*z - 2*y, 2*z + 615 = -p*y + 2947. List the prime factors of z.
2, 3, 5, 13
Suppose 1786*w + 190576 = 1802*w. What are the prime factors of w?
43, 277
What are the prime factors of (-543)/(42/980*-2)?
5, 7, 181
Suppose 4740*p = 4726*p + 162708. List the prime factors of p.
2, 3, 13, 149
Let r be 36/18 + 1 + 50. Let t = -52 + r. List the prime factors of 1*(t - 3)*-8.
2
Let q(l) = 3*l**2 - 2 + 2*l**3 - 7*l**3 + 0. Let d be q(2). What are the prime factors of (-388 - -1)*10/d - 0?
3, 43
Let p(q) = 2*q**3 + 15*q**2 - 5*q + 11. Let t be p(-8). Let o(r) = -r**3 - 16*r**2 - 16*r - 7. Let g be o(t). Let i = g + 466. List the prime factors of i.
2, 5
Let f be -3 + 2 + -4 + 68. Let n(l) = l**3 - 16*l**2 - 14*l - 34. Let c be n(17). List the prime factors of (c/(-7) + -1)/((-9)/f).
2, 3
Suppose 22*m - 40885 = 5*m - 0*m. What are the prime factors of m?
5, 13, 37
Suppose 1009*i - 1020*i + 41580 = 0. List the prime factors of i.
2, 3, 5, 7
Let p = -19 + 26. Suppose 0 = -p*u + 13*u - 12. Suppose u*a - 183 = -a. List the prime factors of a.
61
Let g = -34563 + 70544. What are the prime factors of g?
11, 3271
Let s(f) be the first derivative of 7*f**3/3 - 7*f**2/2 - 4*f + 6039. Let v be 1*2*15/(-6). What are the prime factors of s(v)?
2, 103
Let u(y) = -10*y + 23*y - 35 + 18*y + 9*y. Let g(z) = 39*z - 35. Let c(v) = 5*g(v) - 4*u(v). What are the prime factors of c(6)?
5, 7
Let r be ((-48)/5)/(24/(-80)). Suppose 13*b = r + 527. What are the prime factors of b?
43
Let z = -309 - -337. Suppose 0 = z*y - 4904 - 7052. What are the prime factors of y?
7, 61
Suppose -1728*r = -1682*r - 1865714. List the prime factors of r.
40559
Suppose -4*d + 4 - 2 = -2*q, -1 = q. Suppose -2*m = d, t - 6 = -2*t - m. Suppose 135 = t*j + j. What are the prime factors of j?
3, 5
Suppose 0 = 5*l - u + 548, -5*l + 7*u - 9*u - 539 = 0. Let g = 175 - l. What are the prime factors of g?
2, 71
Let w = -407 - -746. Suppose w = -9*x + 12*x. Suppose -x = -2*u - m, 3*u - 3*m - 171 = -4*m. List the prime factors of u.
2, 29
Let x(y) = 2*y**3 + 12*y**2 - 3*y + 3. Let l be x(4). Let b = l + -185. What are the prime factors of b?
2, 3, 7
Let s(d) = 14*d**2 - 20*d + 412. What are the prime factors of s(27)?
2, 5039
Suppose 8*u - 4905 = 2447. Suppose 4*r - u = -91. List the prime factors of r.
3, 23
Suppose -117 = -5*s + 8*s. Let p = -41 - s. What are the prime factors of 93 + 1 + (p + 2)/2?
2, 47
Suppose 4*d = 2*p + 43324, -2*d - 138*p = -143*p - 21654. List the prime factors of d.
2, 677
Let a(i) = -i**2 + 18*i - 21. Let b be a(14). Let l(r) = -21 + b + 3 + 7*r. What are the prime factors of l(9)?
2, 5
Let o = -63058 - -118362. What are the prime factors of o?
2, 31, 223
Suppose 0 = 5*s - 39 - 1. Let w = -33 - s. Let d = 33 - w. What are the prime factors of d?
2, 37
Let b = -1846 + 3422. Suppose 3*t + k - b = 0, 10*t = 7*t - 4*k + 1579. What are the prime factors of t?
3, 5, 7
Suppose 21977 = 5*w - 5*p + 5082, 0 = 3*w + 4*p - 10123. List the prime factors of w.
11, 307
Let s = -795 + 290. Let b = s - -952. What are the prime factors of b?
3, 149
Let t = -173 - -179. What are the prime factors of t/(-2)*(-5600)/48?
2, 5, 7
Let k(m) be the second derivative of -7*m**4/12 + 3*m**3/2 - 17*m**2/2 - 5*m. Let j be k(7). What are the prime factors of j/(-18) - (-1)/(-2)?
2
Let o(u) = -9*u**3 - 7*u**2 - 118*u - 245. List the prime factors of o(-9).
7, 139
Let f(h) = -3*h**2 + 15*h - 4. Suppose 0 = -5*t + 2*b + 44, 3*b + 0 = -6. Let v be f(t). Let d = -47 - v. List the prime factors of d.
29
Let b(u) = 2*u**3 - 2*u**2 + u + 4. Let h be b(-5). Let a(w) = w**3 + 6*w**2 + 42*w + 12. Let p be a(-5). Let v = p - h. List the prime factors of v.
2
Let j = 24520 + 32342. What are the prime factors of j?
2, 3, 13
Let a be (-2 + (-4)/(-1))*1. Suppose -38 = 3*x + a*u, -3*x - 39 = u + 2*u. What are the prime factors of (-3)/(-18) - 826/x?
3, 23
Let h = 67 + -64. Suppose h*k - 7 = 2*l - l, 0 = -4*l - 2*k. List the prime factors of -3 - (-47 + l)*12/18.
29
Suppose -101242 = -20*k + 797966 + 256612. List the prime factors of k.
57791
Suppose -1971 - 2449 = -10*q. Suppose -17*b = -119 + q. What are the prime factors of b/((3 - 5)/24)?
2, 3, 19
Let b(w) = 14605*w - 657. List the prime factors of b(3).
2, 3, 7193
Let u(n) = n**3 - 2*n**2 + n + 15. Let o = 44 + -40. Suppose 3*x + 20 = o*v, -4*x = -x. List the prime factors of u(v).
5, 19
Let i = 148 - 144. List the prime factors of (3381/42)/(2/i).
7, 23
Suppose 25*g + 23707 = 723332. List the prime factors of g.
5, 29, 193
Let v(q) = 9*q**2 + 5*q + 1 + 8*q - 9*q**3 - 6*q**2 + 2*q. List the prime factors of v(-4).
5, 113
List the prime factors of 10604 + (14 - 10) - ((-6)/6 + 1).
2, 3, 13, 17
Let m = -149679 - -228404. List the prime factors of m.
5, 47, 67
Let w(f) = -8*f**2 - 27*f + 1. Let z be w(-13). Let y = z + 1674. What are the prime factors of y?
2, 337
Suppose 427673 = 27*o - 356434. What are the prime factors of o?
113, 257
List the prime factors of (5762/6)/(6/(-18) - (-3)/6).
2, 43, 67
L